{"id":446,"date":"2026-03-16T14:10:32","date_gmt":"2026-03-16T14:10:32","guid":{"rendered":"https:\/\/houseofmagicalroots.com\/?page_id=446"},"modified":"2026-03-16T14:57:48","modified_gmt":"2026-03-16T14:57:48","slug":"welkom-house-of-magical-roots","status":"publish","type":"page","link":"https:\/\/houseofmagicalroots.com\/","title":{"rendered":"Home"},"content":{"rendered":"\n<div class=\"wp-block-columns is-layout-flex wp-container-core-columns-is-layout-28f84493 wp-block-columns-is-layout-flex\">\n<div class=\"wp-block-column is-layout-flow wp-block-column-is-layout-flow\">\n<figure class=\"wp-block-image size-large is-resized\"><img loading=\"lazy\" decoding=\"async\" width=\"680\" height=\"1024\" src=\"https:\/\/houseofmagicalroots.com\/wp-content\/uploads\/2026\/03\/647302835_1260086552240077_4873284721492887651_n-1-680x1024.jpg\" alt=\"\" class=\"wp-image-1559\" style=\"aspect-ratio:0.6640658295905321;width:309px;height:auto\" srcset=\"https:\/\/houseofmagicalroots.com\/wp-content\/uploads\/2026\/03\/647302835_1260086552240077_4873284721492887651_n-1-680x1024.jpg 680w, https:\/\/houseofmagicalroots.com\/wp-content\/uploads\/2026\/03\/647302835_1260086552240077_4873284721492887651_n-1-199x300.jpg 199w, https:\/\/houseofmagicalroots.com\/wp-content\/uploads\/2026\/03\/647302835_1260086552240077_4873284721492887651_n-1-600x904.jpg 600w, https:\/\/houseofmagicalroots.com\/wp-content\/uploads\/2026\/03\/647302835_1260086552240077_4873284721492887651_n-1.jpg 720w\" sizes=\"auto, (max-width: 680px) 100vw, 680px\" \/><\/figure>\n<\/div>\n\n\n\n<div class=\"wp-block-column is-layout-flow wp-block-column-is-layout-flow\">\n<div class=\"wp-block-group is-vertical is-layout-flex wp-container-core-group-is-layout-d6b9ab57 wp-block-group-is-layout-flex\">\n<h2 class=\"wp-block-heading\">Welkom @House of magical roots<\/h2>\n<\/div>\n<\/div>\n<\/div>\n\n\n\n<blockquote class=\"wp-block-quote is-layout-flow wp-block-quote-is-layout-flow\">\n<p>Laten we samen terug naar de kern keren!<\/p>\n<\/blockquote>\n\n\n\n<p>Mijn naam is Joke &amp; samen met mijn toolbox zorg ik op creatieve manieren ervoor dat je terug naar je kern kan keren. Maar al te vaak raken we onze weg doorheen het leven kwijt. Logisch want we leven niet alleen &amp; passen ons aan naar onze omgeving. Dat maakt dat we soms onszelf of het noorden al eens kwijt dreigen te geraken.<\/p>\n\n\n\n<p>Door hier op mijn pagina te landen voel jij net DIE nood om weer dichter bij jezelf te komen &amp; kan je daar best wat ondersteuning in gebruiken.<\/p>\n\n\n\n<p>Als creatieve begeleider sta ik naast je &amp; ga ik je begeleiden in jouw pad met de tools die ik doorheen mijn leven heb vergaard. Of het nu gaat om helderheid te scheppen, advies &amp; trick door te geven of het verwerken van rouw- &amp; verliesstukken.<\/p>\n\n\n\n<blockquote class=\"wp-block-quote is-layout-flow wp-block-quote-is-layout-flow\">\n<p><strong>IK BEN ER VOOR JOU!<\/strong><\/p>\n<\/blockquote>\n\n\n\n<div style=\"height:40px\" aria-hidden=\"true\" class=\"wp-block-spacer\"><\/div>\n\n\n\n<p>Het is niet altijd even simpel om onze gevoelens onder woorden te brengen. Maar hoe kunnen we dan iets duidelijks maken? Creatieve begeleiding houdt in dat we letterlijk onze handen gebruiken om te cre\u00ebren.<\/p>\n\n\n\n<p>Of we nu een verfkwast vastnemen, de handen in de klei zetten of een \u2018simpele\u2019 tekenoefening maken: het heeft allemaal effect. Onze creaties zeggen vaak meer dan woorden. Het is een onuitgesproken taal die we in ons hebben zitten &amp; we gaan die laag aantappen om dieper te gaan.<\/p>\n\n\n\n<blockquote class=\"wp-block-quote is-layout-flow wp-block-quote-is-layout-flow\">\n<p>Het moet niet altijd met zoveel woorden verteld worden.<\/p>\n<\/blockquote>\n\n\n\n<div style=\"height:40px\" aria-hidden=\"true\" class=\"wp-block-spacer\"><\/div>\n\n\n\n<p>Sinds mijn tienerjaren ben ik al bezig met de holistische kant van het leven. Altijd al ge\u00efnteresseerd geweest in hoe alles zo met elkaar verweven kan zijn. Zo ben ik de vele paadjes gaan bewandelen die me gebracht hebben tot het heden.<\/p>\n\n\n\n<p>Je zal merken dat deze pagina heel wat diensten aanbiedt die stevig gebaseerd zijn op kennis. Voor alles heb ik lange periode gestudeerd of ben ik nog aan het bijstuderen. Ik ben een persoon dat nooit uitgeleerd gaat geraken &amp; dat is prima. Om het op een astrologische manier te bekijken: mijn Mercurius &amp; Venus staan in het 9de huis \u2013 altijd studeren &amp; mijn wereld verruimen.<\/p>\n\n\n\n<p>Holistisch is tevens niet hetzelfde als spiritueel. Ik voorspel geen toekomst als een Waagzegster. Ik benader alles vanuit het praktische aspect: de juiste hulp aanreiken op een geaarde manier. Niet vanuit de zweverige laag. Alles wat ik aanbied ondersteund jou op een manier die bij je past &amp; dat vereist een andere aanpak. Ik leg geen kaarten als je daar geen nood aan hebt of zal niet de creatieve toer opgaan als je een astrologisch consult boekt.<\/p>\n\n\n\n<blockquote class=\"wp-block-quote is-layout-flow wp-block-quote-is-layout-flow\">\n<p>Elke sessie is telkens uniek &amp; aangepast op jouw authentieke kern.<\/p>\n<\/blockquote>\n\n\n\n<div style=\"height:40px\" aria-hidden=\"true\" class=\"wp-block-spacer\"><\/div>\n\n\n\n<h4 class=\"wp-block-heading\">House of magical roots helpt je dus:<\/h4>\n\n\n\n<ul class=\"wp-block-list\">\n<li>Met creatieve begeleiding. Zeg het zonder al teveel woorden.<\/li>\n\n\n\n<li>Rouwprocessen. Het verwerken van verlies in allerlei vormen: overleden dierbaren &amp; dieren. Maar ook van situaties waarin er afscheid ontstaat zoals een scheiding, ontslag, verhuis, vriendschap.<\/li>\n\n\n\n<li>Holistische diensten zoals klassieke astrologie, kaartlezingen &amp; ondersteunende, sjamanistische technieken.<\/li>\n\n\n\n<li>Workshops &amp; opleidingen. In groepsverband &amp; \u00e9\u00e9n op \u00e9\u00e9n training.<\/li>\n\n\n\n<li>Verkoop van decks in de webshop.<\/li>\n<\/ul>\n\n\n\n<div style=\"height:40px\" aria-hidden=\"true\" class=\"wp-block-spacer\"><\/div>\n\n\n\n<p>Kijk gerust eens rond op de site. Niet gevonden wat je zocht of heb je vragen? Aarzel niet om me te contacteren.<\/p>\n\n\n\n<div style=\"height:40px\" aria-hidden=\"true\" class=\"wp-block-spacer\"><\/div>\n\n\n\n<p>Liefs,<\/p>\n\n\n\n<p>Joke \u2766<\/p>\n\n\n\n<div style=\"height:230px\" aria-hidden=\"true\" class=\"wp-block-spacer\"><\/div>\n\n\n\n<div class=\"wp-block-columns is-layout-flex wp-container-core-columns-is-layout-28f84493 wp-block-columns-is-layout-flex\">\n<div class=\"wp-block-column is-layout-flow wp-block-column-is-layout-flow\">\n<p>CREDITS: Foto van Elly Van den Bergh<\/p>\n\n\n\n<p>Instagram: lichtgevoel.ig<\/p>\n<\/div>\n\n\n\n<div class=\"wp-block-column is-layout-flow wp-block-column-is-layout-flow\"><\/div>\n<\/div>\n\n\n\n<p><\/p>\n\n\n\n<p><\/p>\n\n\n\n<p><\/p>\n\n\n\n<p><\/p>\n\n\n\n<p><\/p>\n\n\n\n<p><\/p>\n\n\n\n<p><\/p>\n","protected":false},"excerpt":{"rendered":"<p>Welkom @House of magical roots Laten we samen terug naar de kern keren! Mijn naam is Joke &amp; samen met mijn toolbox zorg ik op creatieve manieren ervoor dat je terug naar je kern kan keren. Maar al te vaak raken we onze weg doorheen het leven kwijt. Logisch want we leven niet alleen &amp; [&hellip;]<\/p>\n","protected":false},"author":1,"featured_media":0,"parent":0,"menu_order":0,"comment_status":"closed","ping_status":"closed","template":"","meta":{"footnotes":""},"class_list":["post-446","page","type-page","status-publish","hentry"],"blocksy_meta":{"has_hero_section":"default","hero_elements":[{"id":"custom_title","enabled":true,"heading_tag":"h1","title":"Home","__id":"qIiCyP4awMVbxTO7L4vJS","custom_attribute":"Home"},{"id":"custom_description","enabled":true,"description_visibility":{"desktop":true,"tablet":true,"mobile":false},"__id":"fnalwbOBKccj6NzYvbF_H"},{"id":"custom_meta","enabled":false,"meta_elements":[{"id":"author","enabled":true,"label":"Door","has_author_avatar":"yes","avatar_size":25},{"id":"post_date","enabled":true,"label":"Op","date_format_source":"default","date_format":"M j, Y"},{"id":"updated_date","enabled":false,"label":"Op","date_format_source":"default","date_format":"M j, Y"},{"id":"categories","enabled":false,"label":"In","style":"simple"},{"id":"comments","enabled":true}],"page_meta_elements":{"joined":true,"articles_count":true,"comments":true},"__id":"dflJnXLO_E1i7TIIGkutA"},{"id":"breadcrumbs","enabled":false,"__id":"YKpgk0rP8z-ehUJgP98mi"}],"styles_descriptor":{"styles":{"desktop":"","tablet":"","mobile":""},"google_fonts":[],"version":6}},"_links":{"self":[{"href":"https:\/\/houseofmagicalroots.com\/index.php\/wp-json\/wp\/v2\/pages\/446","targetHints":{"allow":["GET"]}}],"collection":[{"href":"https:\/\/houseofmagicalroots.com\/index.php\/wp-json\/wp\/v2\/pages"}],"about":[{"href":"https:\/\/houseofmagicalroots.com\/index.php\/wp-json\/wp\/v2\/types\/page"}],"author":[{"embeddable":true,"href":"https:\/\/houseofmagicalroots.com\/index.php\/wp-json\/wp\/v2\/users\/1"}],"replies":[{"embeddable":true,"href":"https:\/\/houseofmagicalroots.com\/index.php\/wp-json\/wp\/v2\/comments?post=446"}],"version-history":[{"count":9,"href":"https:\/\/houseofmagicalroots.com\/index.php\/wp-json\/wp\/v2\/pages\/446\/revisions"}],"predecessor-version":[{"id":1576,"href":"https:\/\/houseofmagicalroots.com\/index.php\/wp-json\/wp\/v2\/pages\/446\/revisions\/1576"}],"wp:attachment":[{"href":"https:\/\/houseofmagicalroots.com\/index.php\/wp-json\/wp\/v2\/media?parent=446"}],"curies":[{"name":"wp","href":"https:\/\/api.w.org\/{rel}","templated":true}]}}